te the highest common divisor of d and 45.
15
Suppose -a = -4*a + 81. Let v(g) = -g**3 + 50*g**2 + 9*g + 9. Let l be v(50). Calculate the highest common factor of a and l.
27
Let j = 5304 + -4182. Calculate the greatest common divisor of 165 and j.
33
Suppose 247 - 1391 = -22*q. What is the greatest common divisor of 100 and q?
4
Let y be (-2)/(-45)*-5 + 2600/36. Calculate the greatest common divisor of 40 and y.
8
Let z be (-1136)/10 - 6/15. Let l = 289 + -287. Let d be 1*(-2 + l) - (-3 + z). Calculate the greatest common divisor of 13 and d.
13
Let t(k) = 2*k**3 - 227*k**2 + 108*k + 608. Let q be t(113). Calculate the highest common divisor of q and 15437.
43
Let s be (-7 - 1)*(-1)/2. Suppose -u = -3*h - 10, 0*h = -s*u + h - 4. Let z be (96/(-28))/(u/21). Calculate the greatest common factor of z and 18.
18
Let g = -3646 - -13990. What is the highest common divisor of g and 12?
12
Let l = -630 - -1638. Suppose -24*v = -17*v - l. Calculate the greatest common factor of 180 and v.
36
Suppose -6*b - 10 = -8*b. Suppose 0 = v - b*v + 4*u + 44, 0 = 3*v + 4*u - 61. Let l = -109 + 214. Calculate the greatest common factor of v and l.
15
Let s = 10 - 17. Let h be (s - 0)*(2 - -2 - 7). What is the highest common divisor of h and 18?
3
Suppose -3*t = 2*l + 1, 0*l + 3*l + 2*t = 6. Suppose 5*p + 88 = 33. Let x = l - p. Calculate the greatest common factor of x and 15.
15
Suppose -5*w - 16 = -3*w. Let o be (-180)/w + 6/4. Calculate the greatest common divisor of o and 3.
3
Let l = 5560 + -5087. What is the greatest common divisor of 44 and l?
11
Suppose 3*j - 65 = o, -2*o - 41 = -2*j + o. Let t be (-4 + j/6)/(2/(-30)). Let g be (85 + -4 + t)/(0 + 1). What is the greatest common factor of 43 and g?
43
Suppose -5*f + 8*f + 2*z - 370 = 0, -2*f - 2*z = -250. Let o be 50472/f + (-3)/5. Calculate the greatest common factor of 24 and o.
12
Suppose -5*j + y = -1010, 2*j = 4*y + 177 + 209. What is the greatest common factor of j and 783?
29
Let o be (8 + -1)*(1512/49)/27. Calculate the greatest common divisor of o and 404.
4
Let p be 2 + 26*7 - (-5 - -2). Let g = p + -44. Calculate the greatest common divisor of 13 and g.
13
Let w be 0/(-4 - (-10)/5). Let b(p) = -p**2 + 3*p + 150. Let l be b(w). Calculate the greatest common factor of l and 60.
30
Let u = 8722 - 7468. What is the greatest common factor of u and 18?
6
Let v be -14*(-2)/280 + -6 + (-5127)/(-30). Let i(n) = 4*n**2 - 2*n + 5. Let d be i(-4). What is the greatest common factor of v and d?
11
Suppose -80*z + 6*z = -175340 - 59832. Calculate the greatest common factor of z and 56.
14
Let j be 5*59 - -2*1. Suppose -81 = 6*g + 57. Let s be -3 - (g - 5 - 2). What is the highest common factor of j and s?
27
Suppose -23*i - 90*i = -553474. What is the greatest common factor of i and 806?
62
Suppose -12*w + 25604 = -8*l + 4*l, 4*l + 2141 = w. What is the greatest common divisor of 108 and w?
27
Suppose 45*x = 43*x - 432. Let p = x - 24. Let h be ((-26)/6)/(8/p). What is the greatest common factor of h and 10?
10
Suppose b + 98 + 72 = 0. Let t be (-15490)/b + (-2)/17 - -1. Suppose t = 2*g - 286. Calculate the highest common factor of g and 21.
21
Suppose -115*r + 35*r + 594 = -47*r. What is the greatest common factor of r and 5274?
18
Let l(c) = -6*c**2 - 40*c - 67. Let n be l(-15). Let s = -655 - n. Let z be 36*(-2)/(-4)*1. What is the highest common factor of z and s?
18
Let u = -17602 - -24477. What is the highest common divisor of u and 33?
11
Suppose -4*h + 800 = -2*h - 2*w, 3*w = -h + 420. Calculate the highest common factor of 18 and h.
9
Suppose 0 = -4*n - 8 - 8. Let u(a) = a + 2. Let w be u(n). Let y be (19/38)/(w/(-44)). Calculate the greatest common divisor of 44 and y.
11
Let s = 29 - 9. Let x be (416/(-39))/(((-2)/(-15))/(-1)). What is the greatest common divisor of x and s?
20
Suppose -1968*u + 320 = -1904*u. Suppose -4*i + 2*i + 70 = 0. What is the greatest common factor of u and i?
5
Suppose n + 499 = -j, 1992 = -4*j - 15*n + 13*n. Let d = -406 - j. What is the highest common divisor of d and 13?
13
Let k(q) = -q - 57. Let w be k(-16). Let t = -2 - w. What is the greatest common divisor of 78 and t?
39
Suppose c - p + 6*p = -123, -3*c - 5*p - 329 = 0. Let n = 106 + c. Suppose 3*v = -2*t + 33, 4*t - v = -t + 108. Calculate the highest common divisor of n and t.
3
Suppose -3*w = -4*w + 339. Suppose 179*g - 12 = -3*y + 182*g, 0 = -2*g - 2. Calculate the highest common divisor of y and w.
3
Let x(q) = 3*q**2 - q - 4. Let t be x(-4). Suppose -6*c + t = 12. Calculate the greatest common divisor of c and 10.
2
Suppose 0 = -13*m - 36*m + 8575. Suppose 7*a + 4*r + 6 = 6*a, 3*a - 47 = r. What is the highest common factor of m and a?
7
Suppose 7*w + 387 - 436 = 0. Calculate the greatest common divisor of w and 654.
1
Let j(g) be the first derivative of -23*g**2/2 - 23*g + 6. Let m be j(-9). Calculate the highest common divisor of 23 and m.
23
Let w(p) = 3*p**2 + 48*p + 14. Let g be w(-16). Suppose -2*j = -3*u - 193, u - 1 = -0. What is the greatest common divisor of j and g?
14
Let a(x) = 270*x + 278. Let b be a(9). Suppose b = 10*i - 2892. What is the highest common divisor of 20 and i?
20
Suppose -10*v - 324 = -1875 - 289. Calculate the greatest common divisor of 2553 and v.
23
Let o(w) = -8*w + 45. Let v(q) = 3*q - 1. Let u(y) = o(y) + 2*v(y). Let n be u(-17). Calculate the greatest common divisor of 99 and n.
11
Suppose -41 = -2*h - 25. Suppose h*z + 22 = 150. Calculate the highest common divisor of z and 112.
16
Suppose -4*o + 4*l = -l - 473, o + 2*l - 115 = 0. Let a = o - 116. Calculate the highest common divisor of 21 and a.
1
Let f(s) = -s - 1. Let i be f(-9). Let l be (-2 + 12/(-10))/(14/(-35)). Suppose 389 = l*g - 443. Calculate the highest common divisor of i and g.
8
Let k be (-1)/(15/16 - 1). Suppose -15*q = 30*q + 2*q. Suppose -5*t + 291 + 669 = q. Calculate the highest common factor of t and k.
16
Suppose -29*n = -25*n + 16, -i - 3*n + 2353 = 0. What is the greatest common divisor of i and 55?
55
Suppose -395*a = -246*a - 614774. Calculate the highest common divisor of a and 4.
2
Suppose 3*d = 2*a - 863, -76*a - 2144 = -81*a + 3*d. Calculate the greatest common factor of 63 and a.
7
Let u = -3349 + 3390. What is the greatest common divisor of u and 4756?
41
Suppose v - 27*v = 182. Let f be (9/3)/((v/204)/(-7)). What is the highest common factor of 36 and f?
36
Let n(b) = -b - 22. Let m be n(-25). Let l(z) = -z**3 + 5*z**2 - z - 1. Let j be l(m). What is the greatest common divisor of j and 42?
14
Suppose 4*z = 2*l + 10 + 8, 2*l + z = -33. Let b be (l/4)/((-3)/48). Let p(v) = -67*v + 6791. Let m be p(101). Calculate the highest common divisor of m and b.
12
Let j = 114 + -84. Suppose j = -2*l + 186. What is the greatest common factor of 208 and l?
26
Let q be -15 + 3 + (7 - 4). Let b be (-12)/q*180/3. Calculate the highest common divisor of 16 and b.
16
Suppose x + 74*p - 165 = 70*p, -2*x - p + 295 = 0. Let k(n) = 46*n + 2. Let j be k(2). Let o = -36 + j. Calculate the highest common divisor of x and o.
29
Let o = -21214 + 21431. What is the greatest common divisor of 16058 and o?
217
Suppose -2*j + 3271 + 1202 = v, -11179 = -5*j - 2*v. Calculate the greatest common factor of 29 and j.
29
Suppose -398*y + 2285749 = -19*y. Calculate the highest common factor of y and 37.
37
Let j(r) = -137*r + 8643. Let p be j(63). Suppose 2 = -g, 2*m - 5*g - 163 = -39. What is the greatest common factor of p and m?
3
Let q = 6017 + 39055. Calculate the greatest common divisor of q and 144.
144
Let h = 67800 + -67792. Suppose 3*y - 1416 = -0*y. What is the greatest common divisor of y and h?
8
Suppose 10 + 6 = 8*v. Let p(y) = -3*y - 2*y + y + v*y + 8. Let a be p(-3). What is the greatest common factor of 35 and a?
7
Let k be 2/16*94*4. Let c = k - -93. Let y = 47 - 27. What is the highest common divisor of c and y?
20
Suppose 34*h - 36 = 28*h. Let b be ((-25)/1)/((h + -14)/8). Calculate the highest common divisor of b and 25.
25
Let x be (-2)/4 + (-7)/(-2). Let a be -8*(-1*6)/(x/3). What is the highest common divisor of a and 3?
3
Let h be (-3 - (-150)/40) + (-274)/(-8). Suppose 3*q - 182 = -2*p, -3*q - 399 = -5*p + h. Calculate the highest common factor of 110 and p.
22
Suppose -9*l - 876 = -156. Let x b